a composite number?
False
Is 1419703 a prime number?
False
Is 863 prime?
True
Is 194471 a prime number?
True
Is 444073 a composite number?
True
Is 9377 prime?
True
Is 5779 a prime number?
True
Is 86473 composite?
True
Is 30611 a composite number?
True
Is 22051 composite?
False
Is 44531 a composite number?
False
Is 32845 a prime number?
False
Is 1003 composite?
True
Is 44503 prime?
False
Is 7010951 a composite number?
False
Is 1043 prime?
False
Is 254059 a composite number?
True
Is 1024021 prime?
True
Is 1066217 a composite number?
False
Is 25483 prime?
False
Is 26879 a composite number?
False
Is 43357 a prime number?
False
Is 658577 a composite number?
True
Is 28761 prime?
False
Is 895429 prime?
False
Is 484487 a composite number?
False
Is 95293 composite?
True
Is 28963 a prime number?
False
Is 23109 composite?
True
Is 237661 composite?
True
Is 194309 composite?
False
Is 58537 composite?
False
Is 52627 composite?
False
Is 204235 a prime number?
False
Is 24313 composite?
True
Is 31013 composite?
False
Is 6521 prime?
True
Is 650401 a composite number?
False
Is 39511 a composite number?
False
Is 27479 a composite number?
False
Is 461509 a prime number?
False
Is 188753 a composite number?
False
Is 33667 a prime number?
False
Is 60869 a composite number?
False
Is 23269 prime?
True
Is 11333 prime?
False
Is 19231 prime?
True
Is 92451 a composite number?
True
Is 269641 a composite number?
False
Is 4919 a prime number?
True
Is 5219 prime?
False
Is 1832111 prime?
False
Is 110857 composite?
True
Is 148711 composite?
False
Is 810299 a composite number?
True
Is 1149901 prime?
True
Is 60041 a prime number?
True
Is 86287 composite?
False
Is 62969 composite?
False
Is 6343 prime?
True
Is 145891 prime?
False
Is 12319 prime?
False
Is 14441 a composite number?
True
Is 307687 a composite number?
False
Is 24931 composite?
True
Is 16753 a composite number?
True
Is 434101 prime?
False
Is 75037 composite?
False
Is 85433 a composite number?
True
Is 974717 a composite number?
True
Is 3049 prime?
True
Is 35515 prime?
False
Is 6677 prime?
False
Is 224819 a prime number?
False
Is 58 a prime number?
False
Is 15727 composite?
False
Is 5501 a composite number?
False
Is 342179 a composite number?
False
Is 4673 a composite number?
False
Is 19949 a prime number?
True
Is 2103 composite?
True
Is 46993 composite?
False
Is 46171 a prime number?
True
Is 29758 a prime number?
False
Is 1336547 composite?
False
Is 2462491 composite?
True
Is 13379 a prime number?
False
Is 13439 prime?
False
Is 187409 a prime number?
True
Is 83519 a composite number?
True
Is 331105 composite?
True
Is 203293 prime?
True
Is 26561 a prime number?
True
Is 4258 a composite number?
True
Is 1693 a prime number?
True
Is 19983 a composite number?
True
Is 525571 prime?
True
Is 17623 prime?
True
Is 241954 a composite number?
True
Is 18853 a composite number?
True
Is 1036729 a prime number?
True
Is 575203 a composite number?
False
Is 59401 a composite number?
True
Is 14369 a composite number?
False
Is 156155 prime?
False
Is 3119 prime?
True
Is 545537 a prime number?
False
Is 457799 a prime number?
True
Is 7393 a composite number?
False
Is 46133 prime?
True
Is 82339 composite?
False
Is 148949 prime?
True
Is 907 composite?
False
Is 98621 prime?
True
Is 5089 prime?
False
Is 445 a composite number?
True
Is 18001 a composite number?
True
Is 487 composite?
False
Is 29797 a composite number?
True
Is 683966 composite?
True
Is 1561 a prime number?
False
Is 78811 prime?
False
Is 11819 a composite number?
True
Is 3799 composite?
True
Is 19177 a composite number?
True
Is 2477 prime?
True
Is 496963 a prime number?
True
Is 5623 composite?
False
Is 259 prime?
False
Is 229607 prime?
False
Is 5295373 a composite number?
False
Is 1531 a prime number?
True
Is 1255 a prime number?
False
Is 417 a composite number?
True
Is 156817 prime?
True
Is 183437 composite?
False
Is 7895 a prime number?
False
Is 45394 composite?
True
Is 181783 a prime number?
False
Is 190207 a composite number?
False
Is 1996217 a composite number?
False
Is 27253 composite?
False
Is 58997 a prime number?
True
Is 16795 composite?
True
Is 71171 composite?
False
Is 8321 a prime number?
False
Is 3377 composite?
True
Is 27539 composite?
False
Is 73711 composite?
True
Is 11794 a prime number?
False
Is 26067 a prime number?
False
Is 10859 a prime number?
True
Is 47413 a composite number?
True
Is 5779 a composite number?
False
Is 45817 a prime number?
True
Is 10319 a prime number?
False
Is 7886 a composite number?
True
Is 11113 a prime number?
True
Is 6326 prime?
False
Is 237127 prime?
False
Is 17467 composite?
False
Is 5639 prime?
True
Is 65153 a composite number?
True
Is 2183 composite?
True
Is 228217 composite?
True
Is 124105 a prime number?
False
Is 151091 a composite number?
False
Is 5141 a prime number?
False
Is 12443 a prime number?
False
Is 401165 a composite number?
True
Is 20777 a prime number?
False
Is 149561 a composite number?
False
Is 501691 prime?
True
Is 29257 a composite number?
True
Is 10247 a composite number?
False
Is 191789 prime?
False
Is 27841 a composite number?
True
Is 554 a composite number?
True
Is 178393 a prime number?
True
Is 109219 prime?
False
Is 71 a composite number?
False
Is 3527 prime?
True
Is 53123 prime?
False
Is 4049 a prime number?
True
Is 26098 a prime number?
False
Is 281363 composite?
False
Is 116503 a prime number?
False
Is 8033 a prime number?
False
Is 14371 prime?
False
Is 214899 composite?
True
Is 1738355 prime?
False
Is 81611 prime?
True
Is 20593 prime?
True
Is 131 a composite number?
False
Is 21673 composite?
False
Is 44481 composite?
True
Is 167961 prime?
False
Is 25511 a prime number?
False
Is 648779 a prime number?
True
Is 66577 a prime number?
False
Is 3420023 composite?
False
Is 16753 a prime number?
False
Is 7123 a composite number?
True
Is 202999 composite?
False
Is 12517 composite?
False
Is 49891 composite?
False
Is 1157465 composite?
True
Is 62273 a composite number?
False
Is 202789 a composite number?
True
Is 50251 composite?
True
Is 2939 prime?
True
Is 28345 a prime number?
False
Is 52009 prime?
True
Is 5305 composite?
True
Is 173597 a prime number?
False
Is 45159 a prime number?
False
Is 106565 prime?
False
Is 2907455 prime?
False
Is 1507 a prime number?
False
Is 3453 prime?
False
Is 1377413 a composite number?
True
Is 11959 a composite number?
False
Is 1018433 prime?
False
Is 2461 a composite number?
True
Is 921779 a composite number?
False
Is 1831 a composite number?
False
Is 80741 a prime number?
False
Is 655637 a prime number?
True
Is 77191 a composite number?
False
Is 203 composite?
True
Is 949111 a composite number?
False
Is 7655 a prime number?
False
Is 211 a composite number?
False
Is 83023 composite?
False
Is 329405 a prime number?
False
Is 5602 a composite number?
True
Is 797 a composite number?
False
Is 4127 a prime number?
True
Is 838693 composite?
False
Is 15227 prime?
True
Is 1629851 a composite number?
False
Is 211007 prime?
True
Is 6481 a prime number?
True
Is 203131 composite?
True
Is 23327 a composite number?
False
Is 11699 composite?
False
Is 111937 a prime number?
False
Is 2843 composite?
False
Is 19853 composite?
False
Is 162767 a prime number?
False
Is 4169 a prime number?
False
Is 33311 a composite number?
False
Is 68437 a prime number?
True
Is 75443 a prime number?
False
Is 7831 prime?
False
Is 7121 composite?
False
Is 53311 a composite number?
True
Is 35047 a composite number?
True
Is 34 prime?
False
Is 497009 a composite number?
True
Is 17943 composite?
True
Is 94099 a prime number?
True
Is 2779889 prime?
False
Is 191 a composite number?
False
Is 1227 a prime number?
False
Is 88735 a composite number?
True
Is 65629 composite?
False
Is 528551 composite?
True
Is 1363 composite?
True
Is 4821619 prime?
False
Is 523049 a composite number?
False
Is 779081 a composite number?
False
Is 44047 a composite number?
True
Is 5669 prime?
True
Is 44053 composite?
False
Is 262887 a prime number?
False
Is 559907 prime?
True
Is 52501 a prime number?
True
Is 2533 composite?
True
Is 76811 prime?
False
Is 38891 prime?
True
Is 20477 a composite number?
False
Is 12077 a composite number?
True
Is 17521 composite?
True
Is 93871 a prime number?
True
Is 1135597 composite?
False
Is 1168301 a composite number?
Fals